{"id":90,"date":"2021-12-16T22:30:57","date_gmt":"2021-12-16T22:30:57","guid":{"rendered":"http:\/\/coopanestpf.com.br\/?page_id=90"},"modified":"2021-12-17T03:18:32","modified_gmt":"2021-12-17T03:18:32","slug":"politica-de-privacidade","status":"publish","type":"page","link":"https:\/\/coopanestpf.com.br\/?page_id=90","title":{"rendered":"Pol\u00edtica de Privacidade"},"content":{"rendered":"\t\t<div data-elementor-type=\"wp-page\" data-elementor-id=\"90\" class=\"elementor elementor-90\" data-elementor-settings=\"[]\">\n\t\t\t\t\t\t\t<div class=\"elementor-section-wrap\">\n\t\t\t\t\t\t\t<section class=\"elementor-section elementor-top-section elementor-element elementor-element-d45cadc elementor-section-boxed elementor-section-height-default elementor-section-height-default\" data-id=\"d45cadc\" data-element_type=\"section\">\n\t\t\t\t\t\t<div class=\"elementor-container elementor-column-gap-default\">\n\t\t\t\t\t<div class=\"elementor-column elementor-col-100 elementor-top-column elementor-element elementor-element-a60a558\" data-id=\"a60a558\" data-element_type=\"column\">\n\t\t\t<div class=\"elementor-widget-wrap elementor-element-populated\">\n\t\t\t\t\t\t\t\t<div class=\"elementor-element elementor-element-bd89ca9 elementor-widget elementor-widget-heading\" data-id=\"bd89ca9\" data-element_type=\"widget\" data-widget_type=\"heading.default\">\n\t\t\t\t<div class=\"elementor-widget-container\">\n\t\t\t<style>\/*! elementor - v3.5.0 - 12-12-2021 *\/\n.elementor-heading-title{padding:0;margin:0;line-height:1}.elementor-widget-heading .elementor-heading-title[class*=elementor-size-]>a{color:inherit;font-size:inherit;line-height:inherit}.elementor-widget-heading .elementor-heading-title.elementor-size-small{font-size:15px}.elementor-widget-heading .elementor-heading-title.elementor-size-medium{font-size:19px}.elementor-widget-heading .elementor-heading-title.elementor-size-large{font-size:29px}.elementor-widget-heading .elementor-heading-title.elementor-size-xl{font-size:39px}.elementor-widget-heading .elementor-heading-title.elementor-size-xxl{font-size:59px}<\/style><h2 class=\"elementor-heading-title elementor-size-default\">Pol\u00edtica de Privacidade<\/h2>\t\t<\/div>\n\t\t\t\t<\/div>\n\t\t\t\t\t<\/div>\n\t\t<\/div>\n\t\t\t\t\t\t\t<\/div>\n\t\t<\/section>\n\t\t\t\t<section class=\"elementor-section elementor-top-section elementor-element elementor-element-6c5dedb elementor-section-boxed elementor-section-height-default elementor-section-height-default\" data-id=\"6c5dedb\" data-element_type=\"section\">\n\t\t\t\t\t\t<div class=\"elementor-container elementor-column-gap-default\">\n\t\t\t\t\t<div class=\"elementor-column elementor-col-100 elementor-top-column elementor-element elementor-element-b661f67\" data-id=\"b661f67\" data-element_type=\"column\">\n\t\t\t<div class=\"elementor-widget-wrap elementor-element-populated\">\n\t\t\t\t\t\t\t\t<div class=\"elementor-element elementor-element-b2681d6 elementor-widget elementor-widget-text-editor\" data-id=\"b2681d6\" data-element_type=\"widget\" data-widget_type=\"text-editor.default\">\n\t\t\t\t<div class=\"elementor-widget-container\">\n\t\t\t<style>\/*! elementor - v3.5.0 - 12-12-2021 *\/\n.elementor-widget-text-editor.elementor-drop-cap-view-stacked .elementor-drop-cap{background-color:#818a91;color:#fff}.elementor-widget-text-editor.elementor-drop-cap-view-framed .elementor-drop-cap{color:#818a91;border:3px solid;background-color:transparent}.elementor-widget-text-editor:not(.elementor-drop-cap-view-default) .elementor-drop-cap{margin-top:8px}.elementor-widget-text-editor:not(.elementor-drop-cap-view-default) .elementor-drop-cap-letter{width:1em;height:1em}.elementor-widget-text-editor .elementor-drop-cap{float:left;text-align:center;line-height:1;font-size:50px}.elementor-widget-text-editor .elementor-drop-cap-letter{display:inline-block}<\/style>\t\t\t\t<p>N\u00f3s coletamos e utilizamos alguns Dados Pessoais, para a finalidade espec\u00edfica de fornecer os servi\u00e7os da COOPANEST Passo Fundo. Ao faz\u00ea-lo, agimos na qualidade de operador desses dados e estamos de acordo com as disposi\u00e7\u00f5es da Lei Federal 13.709\/2018 (Lei Geral de Prote\u00e7\u00e3o de Dados \u2013 LGPD).<\/p><p>Os Dados Pessoais s\u00e3o armazenados pelo per\u00edodo necess\u00e1rio para cumprimento do contrato de presta\u00e7\u00e3o de servi\u00e7os ou para cumprir qualquer exig\u00eancia legal ou regulat\u00f3ria. Cuidamos da prote\u00e7\u00e3o dos dados pessoais armazenados de forma respons\u00e1vel e em total respeito \u00e0 privacidade<\/p><p><strong>O que fazemos com as suas informa\u00e7\u00f5es<\/strong><\/p><p>Quando voc\u00ea preenche formul\u00e1rios, como parte do processo de cadastro, coletamos as informa\u00e7\u00f5es pessoais que voc\u00ea nos fornece, tais como seu nome, endere\u00e7o, e-mail e telefone.<\/p><p>Marketing por e-mail (quando aplic\u00e1vel): Com sua permiss\u00e3o, podemos lhe enviar e-mails sobre nossos servi\u00e7os, novos produtos e outras atualiza\u00e7\u00f5es<\/p><p><strong>Consentimento<\/strong><\/p><p>O aceite aos termos deste regramento ocorrer\u00e1 quando voc\u00ea acessar ou usar o site, softwares ou servi\u00e7os da COOPANEST Passo Fundo. Ao acessar ou utilizar estes servi\u00e7os, voc\u00ea declara que est\u00e1 ciente e de acordo com os termos e condi\u00e7\u00f5es previstos neste documento.<\/p><p>Se n\u00e3o concordar com algum dos termos e condi\u00e7\u00f5es aqui previstos, n\u00e3o dever\u00e1 utilizar os produtos e servi\u00e7os da COOPANEST Passo Fundo. Neste caso, voc\u00ea poder\u00e1 entrar em contato conosco pelo e-mail <strong><a href=\"mailto:atendimento@coopanestpf.com.br\">atendimento@coopanestpf.com.br<\/a><\/strong><\/p><p><strong>Prote\u00e7\u00e3o dos Dados e Informa\u00e7\u00f5es<\/strong><\/p><p>A COOPANEST Passo Fundo est\u00e1 empenhada em garantir a prote\u00e7\u00e3o e a confidencialidade dos dados aos quais venha a ter acesso, em especial no que diz respeito aos dados pessoais, de acordo com os fundamentos, princ\u00edpios e demais disposi\u00e7\u00f5es previstas na Lei Geral de Prote\u00e7\u00e3o de Dados e demais legisla\u00e7\u00e3o aplic\u00e1vel.<\/p><p><strong>Coleta de Dados Pessoais<\/strong><\/p><p>A COOPANEST Passo Fundo coleta dados dos usu\u00e1rios de seus produtos, alguns s\u00e3o coletados diretamente, enquanto outros s\u00e3o obtidos ao coletarmos informa\u00e7\u00f5es sobre suas intera\u00e7\u00f5es, uso e experi\u00eancias com nossos produtos.<\/p><p>Em alguns casos precisaremos coletar dados pessoais para formalizar uma rela\u00e7\u00e3o contratual, ou para o cumprimento de uma obriga\u00e7\u00e3o legal. Se alguma destas hip\u00f3teses estiver relacionada a um produto que j\u00e1 esteja sendo utilizado, a continuidade da sua utiliza\u00e7\u00e3o tamb\u00e9m depender\u00e1 da aceita\u00e7\u00e3o dos termos e condi\u00e7\u00f5es ora explicitados.<\/p><p>Os dados coletados pela COOPANEST Passo Fundo ser\u00e3o exclu\u00eddos de nossos servidores quando voc\u00ea solicitar ou quando n\u00e3o forem mais necess\u00e1rios para a finalidade proposta, salvo se houver obriga\u00e7\u00e3o legal para a sua manuten\u00e7\u00e3o.<\/p>\t\t\t\t\t\t<\/div>\n\t\t\t\t<\/div>\n\t\t\t\t\t<\/div>\n\t\t<\/div>\n\t\t\t\t\t\t\t<\/div>\n\t\t<\/section>\n\t\t\t\t\t\t<\/div>\n\t\t\t\t\t<\/div>\n\t\t","protected":false},"excerpt":{"rendered":"<p>Pol\u00edtica de Privacidade N\u00f3s coletamos e utilizamos alguns Dados Pessoais, para a finalidade espec\u00edfica de fornecer os servi\u00e7os da COOPANEST Passo Fundo. Ao faz\u00ea-lo, agimos na qualidade de operador desses dados e estamos de acordo com as disposi\u00e7\u00f5es da Lei Federal 13.709\/2018 (Lei Geral de Prote\u00e7\u00e3o de Dados \u2013 LGPD). Os Dados Pessoais s\u00e3o armazenados [&hellip;]<\/p>\n","protected":false},"author":1,"featured_media":0,"parent":11,"menu_order":0,"comment_status":"closed","ping_status":"closed","template":"elementor_header_footer","meta":{"om_disable_all_campaigns":false,"_monsterinsights_skip_tracking":false,"_monsterinsights_sitenote_active":false,"_monsterinsights_sitenote_note":"","_monsterinsights_sitenote_category":0,"footnotes":""},"class_list":["post-90","page","type-page","status-publish","hentry"],"_links":{"self":[{"href":"https:\/\/coopanestpf.com.br\/index.php?rest_route=\/wp\/v2\/pages\/90","targetHints":{"allow":["GET"]}}],"collection":[{"href":"https:\/\/coopanestpf.com.br\/index.php?rest_route=\/wp\/v2\/pages"}],"about":[{"href":"https:\/\/coopanestpf.com.br\/index.php?rest_route=\/wp\/v2\/types\/page"}],"author":[{"embeddable":true,"href":"https:\/\/coopanestpf.com.br\/index.php?rest_route=\/wp\/v2\/users\/1"}],"replies":[{"embeddable":true,"href":"https:\/\/coopanestpf.com.br\/index.php?rest_route=%2Fwp%2Fv2%2Fcomments&post=90"}],"version-history":[{"count":14,"href":"https:\/\/coopanestpf.com.br\/index.php?rest_route=\/wp\/v2\/pages\/90\/revisions"}],"predecessor-version":[{"id":113,"href":"https:\/\/coopanestpf.com.br\/index.php?rest_route=\/wp\/v2\/pages\/90\/revisions\/113"}],"up":[{"embeddable":true,"href":"https:\/\/coopanestpf.com.br\/index.php?rest_route=\/wp\/v2\/pages\/11"}],"wp:attachment":[{"href":"https:\/\/coopanestpf.com.br\/index.php?rest_route=%2Fwp%2Fv2%2Fmedia&parent=90"}],"curies":[{"name":"wp","href":"https:\/\/api.w.org\/{rel}","templated":true}]}}